 Let x be u(s). Let z(w) = 2*w - w**2 + 3*w - 3 - w**2 + x*w**2. What is z(-5)?
-3
Let z(o) be the first derivative of -7*o**2/2 - 4*o - 2. Let p(n) = -19*n**2 - 29*n - 4. Let x be p(-2). Let l be (0 - 1)*(-19 - x). Give z(l).
17
Let r(s) = 14*s - 39. Let z(v) = 3*v + 18. Let l(c) = -5*c - 18. Let n(p) = -5*l(p) - 6*z(p). Let w(h) = -13*n(h) + 6*r(h). Calculate w(3).
-21
Let r(l) = -l**2 + 14*l - 3. Let m(h) = 1. Let p(c) = 3*m(c) + r(c). Suppose -2*w - 6 = 0, -o - 3*w + 33 = 2*o. Let k be p(o). Let x(a) = -a + 5. Give x(k).
5
Let m(x) = -x + 21. Let k(p) = 4*p - 242. Let a be k(67). Determine m(a).
-5
Suppose 189*h + 1729 = 202*h. Let f(l) = 394*l - 8 - 127*l - 133*l - h*l. What is f(-9)?
-17
Let x(h) = -4*h**2 + 2*h + 33. Let n(y) = 2*y**2 - y - 15. Let r(a) = -9*n(a) - 4*x(a). Let k be (-5)/20*-1 + 11/4. Give r(k).
-12
Let s = -7 + 10. Let d(a) = -s + 6*a - 4*a + 2 + 0*a. Suppose -5*w - 5 = 4*m, 2*w - 2*m - 1 = 5*w. Give d(w).
5
Let n(l) = 46*l + 415. Suppose 0 = -4*v + 28, -5*v + 12 = -2*r - 41. Give n(r).
1
Suppose -4*v - 26 = f, -109*v + 2*f = -108*v + 20. Let x(k) = -k**2 - 7*k + 13. Determine x(v).
5
Suppose 1210*t + 49007 - 55057 = 0. Suppose 5*n - 3*u - 1 = 0, -2*n + 21 = n + 5*u. Let m(s) = s**n - 2*s - 2*s + 2 + 0. Give m(t).
7
Let g(r) be the second derivative of r**7/2520 + r**5/60 + 31*r**4/12 - 76*r. Let m(f) be the third derivative of g(f). Calculate m(0).
2
Let q(w) be the second derivative of 23*w**4/12 + 789*w. Suppose h - 11 = -5*r, 2*h + 3*r - 4*r = 0. Calculate q(h).
23
Let u(v) = v**2 - 6*v + 1. Let n be (1365/175 + -6)*10/3. Give u(n).
1
Let p(w) = 48*w - 6 + 4 - 29*w - 22*w. Suppose 4*d + 48 = -5*g, -2*d + 6 = -5*d. Determine p(g).
22
Let h(c) = 5361*c**2 - 2692*c**2 - 53*c - 626 - 2668*c**2. Determine h(-10).
4
Let m(x) = x**2 + 7*x - 1. Let b = -13457 + 13505. Let o = 37 - 21. Suppose -8*j + b = -o*j. Determine m(j).
-7
Suppose 46*q + 44*q + 36 = 108*q. Let n(r) be the first derivative of r + q*r**3 + 1/2*r**2 + 8. Calculate n(-1).
6
Let i(n) = n**3 - 3*n**2 - 3*n + 4. Suppose 4*q - 133 = 5*f, 2*f + 31 = 2*q - q. Suppose q*l = 34*l. Suppose 24 = -l*h + 8*h. What is i(h)?
-5
Suppose 0 = 5*j + b - 94 + 14, 0 = -2*j - b + 32. Suppose 5*u - 3*u - z = -4, -j = 5*u - 4*z. Let q(k) = -k + 3. Calculate q(u).
3
Let r(q) = q**3 + 2*q**2 + 3*q + 1. Let f be (3 - 16/6)/(3/117). Suppose -f*j - 38 = 6*j. Calculate r(j).
-5
Let g(n) = -2 - 3*n - 7 + 17. Let d be 3/(-5) - 1672/(-220). Calculate g(d).
-13
Let t(q) = q - 2. Let b be 3 - (12/(-7 - -4) + 40). Suppose -l + 111 = -0*v - 3*v, -l - 69 = 2*v. Let m = b - v. Calculate t(m).
1
Let h(a) = -10*a**3 - a**2 + a + 1. Let u be 8 + 16/6 + 145/(-15). Determine h(u).
-9
Let s(o) = 2*o**3 + 15*o**2 + 22*o + 7. Suppose 0 = 5027*z - 4957*z + 420. Give s(z).
-17
Let j(b) = b**3 + 4*b**2 - 6*b + 28. Let p = -3102 + 3096. Determine j(p).
-8
Let d(t) = 4*t + 4. Let v = -16 + 14. Let o be (3/(-2) - -1)*v. Suppose -5*w + 3*w - 8 = -2*q, 2*w + 5*q = -o. What is d(w)?
-8
Let u(g) = -27*g + 653. Let t be u(25). Let w(r) = -3*r - 70. Calculate w(t).
-4
Let f(g) be the first derivative of g**4/4 + 8*g**3/3 - 11*g**2 - 5*g + 134. Calculate f(-10).
15
Let q(g) = g - 5. Suppose -4*r = -30*r + 286. Let d be q(r). Let k(x) = 3*x - 13. What is k(d)?
5
Let c(x) = x**3 - 7*x**2 - 8*x + 4. Let t(j) = -j**3 - j**2 + 34. Let q be t(0). Let g = -20 - -46. Let i = q - g. What is c(i)?
4
Suppose -49*c - 10*c = 767. Let h(b) = 4*b + 73. What is h(c)?
21
Let c(n) = -n**3 + 7*n**2 - 4*n + 5. Let a be 15/(((-75)/10)/(-3)). Suppose -4*s - 4*u + 20 = 0, -a*u - 4 = -2*u. What is c(s)?
17
Let l(c) = 3*c - 19. Let v be (-5)/10 - 68/(-8). Suppose -4*d = -5*o - 47, 9*d + 4 = v*d - 4*o. Calculate l(d).
5
Let y(b) = b**3 - 5*b**2 + 4*b + 1. Let k = 61 + -16. Let t(h) = 6*h + 24. Let u be t(4). Let a = u - k. Give y(a).
-5
Suppose -71 = 5*y + 3*k, -82*y + 4*k = -77*y + 92. Let j(a) = -a**2 - 18*a - 43. Determine j(y).
-11
Suppose -q - 3*b + 2*b = -4, -4*b + 19 = 5*q. Let l(u) = 7*u - 2 + 3 + 5 - 2. Calculate l(q).
25
Let q be (-24)/(-11) - 2/11. Let c(s) = -10*s**2 - s**2 + 6*s - 6 + 2*s**q + 8*s**2. Suppose -o + 3*w = -13, -2*o + 1 = -w - 10. Calculate c(o).
2
Suppose -q = q + 10. Let t be (18/(-4) - -2)/((-115)/3036). Let v(d) = -27 - d - 24 + t - 22. Determine v(q).
-2
Suppose -2*h + 4*h = 18. Let q(w) = w**2 + 16*w + 62. Let s be q(-10). Let m(u) = 11*u**2 - 2 - 6 + 0*u + h + s*u. What is m(-1)?
10
Let d(q) = -q**3 + 6*q**2 - 2*q + 1. Let n = -44 + 42. Let y be -8 + (-2 + n)/4. Let t = -3 - y. Give d(t).
-11
Let b(z) be the third derivative of z**6/120 + z**5/15 - 19*z**4/24 + 7*z**3/3 - 399*z**2 + z. What is b(-7)?
0
Let w = 6 + -4. Suppose -w*k = -0*k - 7*k. Suppose -3*x + 6*x - 9 = k. Let b(c) = 4*c + 4. Calculate b(x).
16
Let v(n) = -13*n - 9*n - 5098 + 4552 + n. What is v(-26)?
0
Let b(n) be the first derivative of -3*n**2 - 125*n - 10007. Calculate b(-18).
-17
Let l be (-642)/14 - (-17 - 1560/(-91)). Let p(c) = -c**3 - 45*c**2 + 47*c + 55. What is p(l)?
9
Let w(o) = -o**3 + 4*o**2 + 5*o - 12. Let c(h) = 8*h - 450 - 2*h + 233 + 133 + 257. Let d be c(-28). Determine w(d).
-12
Suppose 0 = 3*v - 50 + 41. Let p(n) = -3*n**2 + 183 + 185 - 5*n - 372 + n**v. What is p(-3)?
-43
Let v(j) be the first derivative of j**4/4 - 4*j**3/3 + j**2/2 - 4*j - 1987. Let y = -2 - -6. What is v(y)?
0
Let r(t) be the third derivative of t**5/60 - 5*t**4/24 - 246*t**2 - t. Suppose 5*y = 0, -3*x - 6*y = -3*y + 15. Let m be 4/x*105/(-14). Calculate r(m).
6
Let m(j) be the second derivative of -j**5/20 - j**4/3 + 3*j**3/2 - 9*j**2/2 - 1467*j. Determine m(-6).
9
Let d(s) = -4*s. Let z(b) = b + 12. Let v be z(16). Suppose -4*m = -16, 8 = -4*x - 2*m + v. Calculate d(x).
-12
Let t(w) be the third derivative of w**6/120 + 2*w**5/15 - w**4/24 - 5*w**3/6 + 518*w**2. Give t(-7).
51
Let a(i) = 5*i**3 - 4*i**2 - 1. Let g be a(2). Suppose -g = -11*u + 10. Let p(l) = 5 - 1 - 3*l**2 + 0*l**2 + 3*l - 2*l + l**3. Determine p(u).
7
Let n(h) = 1 + 34*h**2 - 35*h**2 + 3*h + 0 + 4. Let r = 227 - 110. Suppose -3*g + r = 105. Give n(g).
1
Suppose 0 = -9*q + 2 + 52. Suppose -p = -q*p - 5*m + 50, -m = -2*p + 14. Suppose 0 = 5*v - 7 - p. Let c(x) = -x**2 + 6*x - 4. What is c(v)?
5
Let j(w) = -w**2 - 13*w - 43. Suppose 8425*d - 8423*d = -2*k - 34, 0 = 4*d + 28. What is j(k)?
-13
Let m(k) = -4*k + 3*k + k + 9*k**2 - 4097272 + 4097273. Let q = -13 + 18. Suppose -5*x - 3*o = -o + 9, -q*o - 8 = -2*x. Determine m(x).
10
Let m(r) = 4*r - 31. Suppose -61*j + 66*j = -3*n + 12, -3*j - 8 = -2*n. Calculate m(j).
-31
Let l(j) be the third derivative of -j**5/30 - 2*j**4/3 - 17*j**3/6 - 896*j**2. Calculate l(-7).
-3
Let a(f) = -f - 2. Suppose 0 = 72*t - 660 + 2244. Determine a(t).
20
Let q(l) = -23*l + 176. Suppose -236*i = -502*i + 1862. Give q(i).
15
Let o(y) be the third derivative of y**6/120 + y**5/10 - 11*y**4/12 - 61*y**3/3 - 14*y**2 - 2*y - 8. What is o(-6)?
10
Let t(o) = -670*o + 47. Let s be t(1). Let d = s + 633. Let v(i) = -i - 13. Give v(d).
-23
Let w be 204/24*4*(-2)/(-4). Suppose 3*r + 2*y + w = 0, 26*r - 27*r + y = 9. Let z(g) = -g**2 - 3*g + 3. Give z(r).
-25
Let a be 144/550 - (-2)/(-11) - (-5148)/650. Let k(l) = l**3 - 7*l**2 - 7*l - 19. What is k(a)?
-11
Let q be 2*-1 - (0 - 0). Let k be (6/(-5))/(q/5). Let s(t) = t**3 - 9*t**2 - 4*t - 1. Let m(w) = w**3 - 13*w**2 - 9*w. Let u(y) = m(y) - 2*s(y). Determine u(k).
17
Let j(m) be the first derivative of -m**4/4 + 13*m**3/3 - 7*m**2/2 + m + 1088. Calculate j(12).
61
Let g(r) = 13*r**2 + 47*r + 20. Let p be g(-3). Let b(x) = -3*x + 5. Let d(i) = -i + 1. Let u = -14 + 15. Let m(o) = u*b(o) - 2*d(o). Determine m(p).
7
Let m(i) = -i + 2. Let x(a) = -a**2 - 7*a - 9. Let n be x(-3). Let h be n + (-11)/(44/40). What is m(h)?
9
Let j be (-252)/210*(-50)/3. Suppose 24*i = 29*i + j. Let b(z) be the third derivative of -z**4/8 + 5*z**3/6 - z**2. Determine b(i).
17
Let c(a) = -a**3 - 6*a**2 - 5*a - 6. Let f be -10 - (-1 + -4) - -5. Suppose 0 = -2*m - 3*d - 10, f = -5*d. What is c(m)?
-6
Let y(d) = -2*d**2 + 213*d - 2 - 234*d + 8. Determine y(-11).
-5
Let o(l) = -l**2 - 16*l + 10. Let t(j) = 2*j - 1. Suppose 0 = -5*g - m - 16, 0 = 38*g - 36*g - 5*m + 28. Let z(x) = g*t(x) - o(x). Determine z(-6).
-18
Let w = -6 - -3. Let b 